{"id":95,"date":"2009-04-16T15:47:44","date_gmt":"2009-04-16T13:47:44","guid":{"rendered":"http:\/\/www.3-ca.org\/blog\/?page_id=95"},"modified":"2020-10-20T13:38:52","modified_gmt":"2020-10-20T11:38:52","slug":"forest-menanteau","status":"publish","type":"page","link":"https:\/\/www.3-ca.org\/?page_id=95","title":{"rendered":"Philippe Forest &#038; Olivier Menanteau"},"content":{"rendered":"\n<h3><strong><span style=\"color: #800000;\">Pr\u00e8s des Acacias. L\u2019autisme, une \u00e9nigme &#8211; 2002<br><\/span><\/strong><\/h3>\n\n\n\n<p>Dans le cadre de l&rsquo;action <a rel=\"noopener noreferrer\" href=\"http:\/\/www.3-ca.org\/doc_ext\/NC.htm\" target=\"_blank\">Nouveaux commanditaires<\/a>, soutenue par la Fondation de France en partenariat avec le Conseil R\u00e9gional Ile-de-France, le Minist\u00e8re de la Sant\u00e9 et Actes Sud<br>M\u00e9diation\/production : 3CA &#8211; Mari Linnman<br>Co-\u00e9dit\u00e9 par Actes Sud et 3CA<\/p>\n\n\n\n<figure class=\"is-layout-flex wp-block-gallery-1 wp-block-gallery columns-4 is-cropped\"><ul class=\"blocks-gallery-grid\"><li class=\"blocks-gallery-item\"><figure><a href=\"http:\/\/www.3-ca.org\/wp-content\/uploads\/2020\/10\/menanteau1.jpg\"><img decoding=\"async\" loading=\"lazy\" width=\"406\" height=\"530\" src=\"http:\/\/www.3-ca.org\/wp-content\/uploads\/2020\/10\/menanteau1.jpg\" alt=\"\" data-id=\"1169\" data-full-url=\"http:\/\/www.3-ca.org\/wp-content\/uploads\/2020\/10\/menanteau1.jpg\" data-link=\"http:\/\/3-ca.org\/?attachment_id=1169\" class=\"wp-image-1169\" srcset=\"https:\/\/www.3-ca.org\/wp-content\/uploads\/2020\/10\/menanteau1.jpg 406w, https:\/\/www.3-ca.org\/wp-content\/uploads\/2020\/10\/menanteau1-230x300.jpg 230w\" sizes=\"(max-width: 406px) 100vw, 406px\" \/><\/a><\/figure><\/li><li class=\"blocks-gallery-item\"><figure><a href=\"http:\/\/www.3-ca.org\/wp-content\/uploads\/2020\/10\/menanteau2.jpg\"><img decoding=\"async\" loading=\"lazy\" width=\"356\" height=\"322\" src=\"http:\/\/www.3-ca.org\/wp-content\/uploads\/2020\/10\/menanteau2.jpg\" alt=\"\" data-id=\"1170\" data-full-url=\"http:\/\/www.3-ca.org\/wp-content\/uploads\/2020\/10\/menanteau2.jpg\" data-link=\"http:\/\/3-ca.org\/?attachment_id=1170\" class=\"wp-image-1170\" srcset=\"https:\/\/www.3-ca.org\/wp-content\/uploads\/2020\/10\/menanteau2.jpg 356w, https:\/\/www.3-ca.org\/wp-content\/uploads\/2020\/10\/menanteau2-300x271.jpg 300w\" sizes=\"(max-width: 356px) 100vw, 356px\" \/><\/a><\/figure><\/li><li class=\"blocks-gallery-item\"><figure><a href=\"http:\/\/www.3-ca.org\/wp-content\/uploads\/2020\/10\/menanteau3.jpg\"><img decoding=\"async\" loading=\"lazy\" width=\"389\" height=\"324\" src=\"http:\/\/www.3-ca.org\/wp-content\/uploads\/2020\/10\/menanteau3.jpg\" alt=\"\" data-id=\"1171\" data-full-url=\"http:\/\/www.3-ca.org\/wp-content\/uploads\/2020\/10\/menanteau3.jpg\" data-link=\"http:\/\/3-ca.org\/?attachment_id=1171\" class=\"wp-image-1171\" srcset=\"https:\/\/www.3-ca.org\/wp-content\/uploads\/2020\/10\/menanteau3.jpg 389w, https:\/\/www.3-ca.org\/wp-content\/uploads\/2020\/10\/menanteau3-300x250.jpg 300w\" sizes=\"(max-width: 389px) 100vw, 389px\" \/><\/a><\/figure><\/li><li class=\"blocks-gallery-item\"><figure><a href=\"http:\/\/www.3-ca.org\/wp-content\/uploads\/2020\/10\/menanteau4.jpg\"><img decoding=\"async\" loading=\"lazy\" width=\"376\" height=\"322\" src=\"http:\/\/www.3-ca.org\/wp-content\/uploads\/2020\/10\/menanteau4.jpg\" alt=\"\" data-id=\"1172\" data-full-url=\"http:\/\/www.3-ca.org\/wp-content\/uploads\/2020\/10\/menanteau4.jpg\" data-link=\"http:\/\/3-ca.org\/?attachment_id=1172\" class=\"wp-image-1172\" srcset=\"https:\/\/www.3-ca.org\/wp-content\/uploads\/2020\/10\/menanteau4.jpg 376w, https:\/\/www.3-ca.org\/wp-content\/uploads\/2020\/10\/menanteau4-300x257.jpg 300w\" sizes=\"(max-width: 376px) 100vw, 376px\" \/><\/a><\/figure><\/li><\/ul><\/figure>\n\n\n\n<p><em><span style=\"color: #888888;\">English translation below<\/span><\/em><\/p>\n\n\n\n<p>L&rsquo;ouvrage &#8211; <em>Pr\u00e8s des Acacias. L\u2019autisme, une \u00e9nigme<\/em> &#8211; est un photo-roman issu de la pr\u00e9sence de l&rsquo;artiste Olivier Menanteau et de l&rsquo;\u00e9crivain Philippe Forest au sein de l&rsquo;unit\u00e9 fonctionnelle Autisme, Psychose Infantile (API) de l\u2019\u00c9tablissement Public de Sant\u00e9 \u2013 Barth\u00e9lemy Durand \u00e0 \u00c9tampes.<\/p>\n\n\n\n<p>Compos\u00e9 de photographies et de textes, le livre propose un point de vue subjectif sur l\u2019autisme adulte au quotidien. Pour les deux artistes, l\u2019ouvrage repose sur le pari que \u00a0\u00bb&nbsp;l\u2019exp\u00e9rience d\u2019une autre parole sur l\u2019autisme adulte peut \u00eatre tent\u00e9e. Une parole qui ne soit ni celle des malades, ni celle des m\u00e9decins, qui ne pr\u00e9tende aucunement dire la v\u00e9rit\u00e9. Simplement&nbsp;: une parole d\u00e9doubl\u00e9e, \u00e9loign\u00e9e et qui, dans son \u00e9loignement assum\u00e9, puisse discr\u00e8tement constituer \u00e0 l\u2019\u00e9gard de l\u2019autisme un geste d\u2019intelligence au double sens du mot&nbsp;: connaissance intellectuelle, complicit\u00e9 amicale&nbsp;\u00ab\u00a0.<\/p>\n\n\n\n<p>L\u2019invitation de ses deux artistes correspond au d\u00e9sir du personnel d\u2019ouvrir le service et de communiquer leur pratique. L\u2019objet de la commande est de contribuer \u00e0 actualiser le d\u00e9bat autour de la folie et \u00e0 changer le regard port\u00e9 sur les personnes autistes et sur les professionnels qui leur apportent des soins.<\/p>\n\n\n\n<p><span style=\"color: #ffffff;\">&#8211;<\/span><br><span style=\"color: #808080;\"><em><strong>Close to the Acacias. Autism, an enigm<\/strong><\/em><\/span><\/p>\n\n\n\n<p><span style=\"color: #808080;\">This work concerns a story told in photographs, that comes from the presence of the artist Olivier Menanteau and the writer Philippe Forest, within the Autism, Child Psychosis unit (Autisme, Psychose Infantile, API) &#8211; Barth\u00e9l\u00e9my Durand in Etampes. <\/span><\/p>\n\n\n\n<p><span style=\"color: #808080;\">Compounded by photographs and texts, the book proposes a subjective point of view about the experience of adult autism during daily life. For both of the artists, the work is based on the idea that \u00ab\u00a0the experience of an other speech about adult autism can be experienced. A speech that is not the one of sick persons, nor the one of doctors, which does not pretend to possess the truth. Simply: a double speech, distant and totally assumed, can discretly constitute an intelligent gesture with respect to autism: intellectual knowledge, friendly complicity.\u00a0\u00bb<\/span><\/p>\n\n\n\n<p><span style=\"color: #808080;\">The introduction of these two artists is related to the desire of workers from the clinical unit that wanted to open the unit and communicate their own practice. The content of the commission contributes to updating the debate around madness and to change the way we consider autistic people and professionals that bring them care.<\/span><\/p>\n","protected":false},"excerpt":{"rendered":"<p>Pr\u00e8s des Acacias. L\u2019autisme, une \u00e9nigme &#8211; 2002 Dans le cadre de l&rsquo;action Nouveaux commanditaires, soutenue par la Fondation de France en partenariat avec le Conseil R\u00e9gional Ile-de-France, le Minist\u00e8re de la Sant\u00e9 et Actes SudM\u00e9diation\/production : 3CA &#8211; Mari LinnmanCo-\u00e9dit\u00e9 par Actes Sud et 3CA English translation below L&rsquo;ouvrage &#8211; Pr\u00e8s des Acacias. L\u2019autisme, une \u00e9nigme &#8211; est un photo-roman issu de la pr\u00e9sence de l&rsquo;artiste Olivier Menanteau et<\/p>\n<div class=\"belowpost\"><a class=\"btnmore\" href=\"https:\/\/www.3-ca.org\/?page_id=95\">Read More<\/a><\/div>\n","protected":false},"author":1,"featured_media":0,"parent":0,"menu_order":60,"comment_status":"open","ping_status":"open","template":"","meta":[],"categories":[],"tags":[],"_links":{"self":[{"href":"https:\/\/www.3-ca.org\/index.php?rest_route=\/wp\/v2\/pages\/95"}],"collection":[{"href":"https:\/\/www.3-ca.org\/index.php?rest_route=\/wp\/v2\/pages"}],"about":[{"href":"https:\/\/www.3-ca.org\/index.php?rest_route=\/wp\/v2\/types\/page"}],"author":[{"embeddable":true,"href":"https:\/\/www.3-ca.org\/index.php?rest_route=\/wp\/v2\/users\/1"}],"replies":[{"embeddable":true,"href":"https:\/\/www.3-ca.org\/index.php?rest_route=%2Fwp%2Fv2%2Fcomments&post=95"}],"version-history":[{"count":1,"href":"https:\/\/www.3-ca.org\/index.php?rest_route=\/wp\/v2\/pages\/95\/revisions"}],"predecessor-version":[{"id":1173,"href":"https:\/\/www.3-ca.org\/index.php?rest_route=\/wp\/v2\/pages\/95\/revisions\/1173"}],"wp:attachment":[{"href":"https:\/\/www.3-ca.org\/index.php?rest_route=%2Fwp%2Fv2%2Fmedia&parent=95"}],"wp:term":[{"taxonomy":"category","embeddable":true,"href":"https:\/\/www.3-ca.org\/index.php?rest_route=%2Fwp%2Fv2%2Fcategories&post=95"},{"taxonomy":"post_tag","embeddable":true,"href":"https:\/\/www.3-ca.org\/index.php?rest_route=%2Fwp%2Fv2%2Ftags&post=95"}],"curies":[{"name":"wp","href":"https:\/\/api.w.org\/{rel}","templated":true}]}}

<h3><strong><span style="color: #800000;">Près des Acacias. L’autisme, une énigme &#8211; 2002<br></span></strong></h3>



<p>Dans le cadre de l&rsquo;action <a rel="noopener noreferrer" href="http://www.3-ca.org/doc_ext/NC.htm" target="_blank">Nouveaux commanditaires</a>, soutenue par la Fondation de France en partenariat avec le Conseil Régional Ile-de-France, le Ministère de la Santé et Actes Sud<br>Médiation/production : 3CA &#8211; Mari Linnman<br>Co-édité par Actes Sud et 3CA</p>



<figure class="is-layout-flex wp-block-gallery-1 wp-block-gallery columns-4 is-cropped"><ul class="blocks-gallery-grid"><li class="blocks-gallery-item"><figure><a href="http://www.3-ca.org/wp-content/uploads/2020/10/menanteau1.jpg"><img decoding="async" loading="lazy" width="406" height="530" src="http://www.3-ca.org/wp-content/uploads/2020/10/menanteau1.jpg" alt="" data-id="1169" data-full-url="http://www.3-ca.org/wp-content/uploads/2020/10/menanteau1.jpg" data-link="http://3-ca.org/?attachment_id=1169" class="wp-image-1169" srcset="https://www.3-ca.org/wp-content/uploads/2020/10/menanteau1.jpg 406w, https://www.3-ca.org/wp-content/uploads/2020/10/menanteau1-230x300.jpg 230w" sizes="(max-width: 406px) 100vw, 406px" /></a></figure></li><li class="blocks-gallery-item"><figure><a href="http://www.3-ca.org/wp-content/uploads/2020/10/menanteau2.jpg"><img decoding="async" loading="lazy" width="356" height="322" src="http://www.3-ca.org/wp-content/uploads/2020/10/menanteau2.jpg" alt="" data-id="1170" data-full-url="http://www.3-ca.org/wp-content/uploads/2020/10/menanteau2.jpg" data-link="http://3-ca.org/?attachment_id=1170" class="wp-image-1170" srcset="https://www.3-ca.org/wp-content/uploads/2020/10/menanteau2.jpg 356w, https://www.3-ca.org/wp-content/uploads/2020/10/menanteau2-300x271.jpg 300w" sizes="(max-width: 356px) 100vw, 356px" /></a></figure></li><li class="blocks-gallery-item"><figure><a href="http://www.3-ca.org/wp-content/uploads/2020/10/menanteau3.jpg"><img decoding="async" loading="lazy" width="389" height="324" src="http://www.3-ca.org/wp-content/uploads/2020/10/menanteau3.jpg" alt="" data-id="1171" data-full-url="http://www.3-ca.org/wp-content/uploads/2020/10/menanteau3.jpg" data-link="http://3-ca.org/?attachment_id=1171" class="wp-image-1171" srcset="https://www.3-ca.org/wp-content/uploads/2020/10/menanteau3.jpg 389w, https://www.3-ca.org/wp-content/uploads/2020/10/menanteau3-300x250.jpg 300w" sizes="(max-width: 389px) 100vw, 389px" /></a></figure></li><li class="blocks-gallery-item"><figure><a href="http://www.3-ca.org/wp-content/uploads/2020/10/menanteau4.jpg"><img decoding="async" loading="lazy" width="376" height="322" src="http://www.3-ca.org/wp-content/uploads/2020/10/menanteau4.jpg" alt="" data-id="1172" data-full-url="http://www.3-ca.org/wp-content/uploads/2020/10/menanteau4.jpg" data-link="http://3-ca.org/?attachment_id=1172" class="wp-image-1172" srcset="https://www.3-ca.org/wp-content/uploads/2020/10/menanteau4.jpg 376w, https://www.3-ca.org/wp-content/uploads/2020/10/menanteau4-300x257.jpg 300w" sizes="(max-width: 376px) 100vw, 376px" /></a></figure></li></ul></figure>



<p><em><span style="color: #888888;">English translation below</span></em></p>



<p>L&rsquo;ouvrage &#8211; <em>Près des Acacias. L’autisme, une énigme</em> &#8211; est un photo-roman issu de la présence de l&rsquo;artiste Olivier Menanteau et de l&rsquo;écrivain Philippe Forest au sein de l&rsquo;unité fonctionnelle Autisme, Psychose Infantile (API) de l’Établissement Public de Santé – Barthélemy Durand à Étampes.</p>



<p>Composé de photographies et de textes, le livre propose un point de vue subjectif sur l’autisme adulte au quotidien. Pour les deux artistes, l’ouvrage repose sur le pari que  »&nbsp;l’expérience d’une autre parole sur l’autisme adulte peut être tentée. Une parole qui ne soit ni celle des malades, ni celle des médecins, qui ne prétende aucunement dire la vérité. Simplement&nbsp;: une parole dédoublée, éloignée et qui, dans son éloignement assumé, puisse discrètement constituer à l’égard de l’autisme un geste d’intelligence au double sens du mot&nbsp;: connaissance intellectuelle, complicité amicale&nbsp;« .</p>



<p>L’invitation de ses deux artistes correspond au désir du personnel d’ouvrir le service et de communiquer leur pratique. L’objet de la commande est de contribuer à actualiser le débat autour de la folie et à changer le regard porté sur les personnes autistes et sur les professionnels qui leur apportent des soins.</p>



<p><span style="color: #ffffff;">&#8211;</span><br><span style="color: #808080;"><em><strong>Close to the Acacias. Autism, an enigm</strong></em></span></p>



<p><span style="color: #808080;">This work concerns a story told in photographs, that comes from the presence of the artist Olivier Menanteau and the writer Philippe Forest, within the Autism, Child Psychosis unit (Autisme, Psychose Infantile, API) &#8211; Barthélémy Durand in Etampes. </span></p>



<p><span style="color: #808080;">Compounded by photographs and texts, the book proposes a subjective point of view about the experience of adult autism during daily life. For both of the artists, the work is based on the idea that « the experience of an other speech about adult autism can be experienced. A speech that is not the one of sick persons, nor the one of doctors, which does not pretend to possess the truth. Simply: a double speech, distant and totally assumed, can discretly constitute an intelligent gesture with respect to autism: intellectual knowledge, friendly complicity. »</span></p>



<p><span style="color: #808080;">The introduction of these two artists is related to the desire of workers from the clinical unit that wanted to open the unit and communicate their own practice. The content of the commission contributes to updating the debate around madness and to change the way we consider autistic people and professionals that bring them care.</span></p>

<p>Près des Acacias. L’autisme, une énigme &#8211; 2002 Dans le cadre de l&rsquo;action Nouveaux commanditaires, soutenue par la Fondation de France en partenariat avec le Conseil Régional Ile-de-France, le Ministère de la Santé et Actes SudMédiation/production : 3CA &#8211; Mari LinnmanCo-édité par Actes Sud et 3CA English translation below L&rsquo;ouvrage &#8211; Près des Acacias. L’autisme, une énigme &#8211; est un photo-roman issu de la présence de l&rsquo;artiste Olivier Menanteau et</p>
<div class="belowpost"><a class="btnmore" href="https://www.3-ca.org/?page_id=95">Read More</a></div>
