{"id":602,"date":"2010-02-03T17:03:05","date_gmt":"2010-02-03T15:03:05","guid":{"rendered":"http:\/\/www.3-ca.org\/?page_id=602"},"modified":"2020-10-19T17:45:36","modified_gmt":"2020-10-19T15:45:36","slug":"contexts","status":"publish","type":"page","link":"https:\/\/www.3-ca.org\/?page_id=602","title":{"rendered":"Pr\u00e9sentation Contexts"},"content":{"rendered":"<p><span style=\"color: #ffffff;\">&#8211;<\/span><\/p>\n<p><span style=\"color: #ffffff;\"><img decoding=\"async\" loading=\"lazy\" class=\"alignnone size-large wp-image-844\" title=\"vitrines_41\" src=\"http:\/\/mig2020.www.3-ca.org\/wp-content\/uploads\/2010\/04\/vitrines_41-1024x630.jpg\" alt=\"vitrines_41\" width=\"605\" height=\"372\" srcset=\"https:\/\/www.3-ca.org\/wp-content\/uploads\/2010\/04\/vitrines_41-1024x630.jpg 1024w, https:\/\/www.3-ca.org\/wp-content\/uploads\/2010\/04\/vitrines_41-300x185.jpg 300w, https:\/\/www.3-ca.org\/wp-content\/uploads\/2010\/04\/vitrines_41-768x473.jpg 768w, https:\/\/www.3-ca.org\/wp-content\/uploads\/2010\/04\/vitrines_41-1200x739.jpg 1200w, https:\/\/www.3-ca.org\/wp-content\/uploads\/2010\/04\/vitrines_41.jpg 1535w\" sizes=\"(max-width: 605px) 100vw, 605px\" \/><br \/>\n<\/span><\/p>\n<p><span style=\"color: #ffffff;\">&#8211;<\/span><\/p>\n<p><span style=\"color: #ffffff;\">i<\/span>Contexts r\u00e9unit dans un m\u00eame lieu un bureau d&rsquo;\u00e9tudes, une agence de production\/diffusion et un espace d&rsquo;exposition.<\/p>\n<p>\u2022\u00a0Contexts apporte conseil et expertise dans la d\u00e9finition de projets artistiques pour des contextes sp\u00e9cifiques.<br \/>\n\u2022\u00a0Contexts accompagne commanditaires publics ou priv\u00e9s et artistes dans la production et la diffusion d&rsquo;oeuvres.<br \/>\n\u2022\u00a0Contexts invite r\u00e9guli\u00e8rement un artiste \u00e0 montrer un projet singulier.<\/p>\n<p><span style=\"color: #ffffff;\">&#8211;<\/span><\/p>\n<p><span style=\"color: #808080;\">Contexts\u00a0\u00a0brings together a research \/ production agency and an exhibition space.<span style=\"color: #808080;\"><br \/>\n<span style=\"color: #808080;\"><br \/>\n\u2022 Contexts provides advice and expertise in the definition of artistic projects for specific contexts.<br \/>\n\u2022 Contexts accompaniesartists and public and private commissioners in the production and the distribution of artworks.<br \/>\n\u2022 Contexts regularly invites artists to show a specific project.<\/span><\/span><\/span><\/p>\n<p><span style=\"color: #ffffff;\">&#8211;<\/span><\/p>\n<p>Contexts \u2022 49 rue Ramponeau \u2022 75020 Paris \u2022 <a href=\"mailto:contact@contexts.fr\" target=\"_blank\" rel=\"noopener noreferrer\">contact@contexts.fr<\/a> \u2022 t\u00e9l 0954013732 \u2022 <a href=\"http:\/\/www.contexts.fr\" target=\"_blank\" rel=\"noopener noreferrer\">www.contexts.fr<\/a><\/p>\n<p style=\"text-align: right; \">Mari Linnman \u2022 Anastassia Makridou-Bretonneau \u2022 Pierre Marsaa<\/p>\n<p style=\"text-align: right; \">\n<p style=\"text-align: right; \">\n<p style=\"text-align: right; \">\n","protected":false},"excerpt":{"rendered":"<p>&#8211; &#8211; iContexts r\u00e9unit dans un m\u00eame lieu un bureau d&rsquo;\u00e9tudes, une agence de production\/diffusion et un espace d&rsquo;exposition. \u2022\u00a0Contexts apporte conseil et expertise dans la d\u00e9finition de projets artistiques pour des contextes sp\u00e9cifiques. \u2022\u00a0Contexts accompagne commanditaires publics ou priv\u00e9s et artistes dans la production et la diffusion d&rsquo;oeuvres. \u2022\u00a0Contexts invite r\u00e9guli\u00e8rement un artiste \u00e0 montrer un projet singulier. &#8211; Contexts\u00a0\u00a0brings together a research \/ production agency and an exhibition<\/p>\n<div class=\"belowpost\"><a class=\"btnmore\" href=\"https:\/\/www.3-ca.org\/?page_id=602\">Read More<\/a><\/div>\n","protected":false},"author":1,"featured_media":0,"parent":0,"menu_order":1,"comment_status":"open","ping_status":"open","template":"full-width-page-template.php","meta":[],"categories":[],"tags":[],"_links":{"self":[{"href":"https:\/\/www.3-ca.org\/index.php?rest_route=\/wp\/v2\/pages\/602"}],"collection":[{"href":"https:\/\/www.3-ca.org\/index.php?rest_route=\/wp\/v2\/pages"}],"about":[{"href":"https:\/\/www.3-ca.org\/index.php?rest_route=\/wp\/v2\/types\/page"}],"author":[{"embeddable":true,"href":"https:\/\/www.3-ca.org\/index.php?rest_route=\/wp\/v2\/users\/1"}],"replies":[{"embeddable":true,"href":"https:\/\/www.3-ca.org\/index.php?rest_route=%2Fwp%2Fv2%2Fcomments&post=602"}],"version-history":[{"count":1,"href":"https:\/\/www.3-ca.org\/index.php?rest_route=\/wp\/v2\/pages\/602\/revisions"}],"predecessor-version":[{"id":998,"href":"https:\/\/www.3-ca.org\/index.php?rest_route=\/wp\/v2\/pages\/602\/revisions\/998"}],"wp:attachment":[{"href":"https:\/\/www.3-ca.org\/index.php?rest_route=%2Fwp%2Fv2%2Fmedia&parent=602"}],"wp:term":[{"taxonomy":"category","embeddable":true,"href":"https:\/\/www.3-ca.org\/index.php?rest_route=%2Fwp%2Fv2%2Fcategories&post=602"},{"taxonomy":"post_tag","embeddable":true,"href":"https:\/\/www.3-ca.org\/index.php?rest_route=%2Fwp%2Fv2%2Ftags&post=602"}],"curies":[{"name":"wp","href":"https:\/\/api.w.org\/{rel}","templated":true}]}}