{"id":223,"date":"2009-05-29T00:44:01","date_gmt":"2009-05-28T22:44:01","guid":{"rendered":"http:\/\/www.3-ca.org\/blog\/?page_id=223"},"modified":"2020-10-20T14:29:41","modified_gmt":"2020-10-20T12:29:41","slug":"peyricot","status":"publish","type":"page","link":"https:\/\/www.3-ca.org\/?page_id=223","title":{"rendered":"Olivier Peyricot"},"content":{"rendered":"\n<p>Etude dans le cadre de l&rsquo;action <a rel=\"noopener noreferrer\" href=\"http:\/\/www.3-ca.org\/doc_ext\/NC.htm\" target=\"_blank\">Nouveaux commanditaires<\/a>, soutenue par la Fondation de France.<br>M\u00e9diation : 3CA &#8211; Mari Linnman<\/p>\n\n\n\n<figure class=\"is-layout-flex wp-block-gallery-1 wp-block-gallery columns-2 is-cropped\"><ul class=\"blocks-gallery-grid\"><li class=\"blocks-gallery-item\"><figure><a href=\"http:\/\/www.3-ca.org\/wp-content\/uploads\/2020\/10\/lampe_multisource_blanc.jpg\"><img decoding=\"async\" loading=\"lazy\" width=\"1024\" height=\"614\" src=\"http:\/\/www.3-ca.org\/wp-content\/uploads\/2020\/10\/lampe_multisource_blanc-1024x614.jpg\" alt=\"\" data-id=\"1349\" data-full-url=\"http:\/\/www.3-ca.org\/wp-content\/uploads\/2020\/10\/lampe_multisource_blanc.jpg\" data-link=\"http:\/\/3-ca.org\/?attachment_id=1349\" class=\"wp-image-1349\" srcset=\"https:\/\/www.3-ca.org\/wp-content\/uploads\/2020\/10\/lampe_multisource_blanc-1024x614.jpg 1024w, https:\/\/www.3-ca.org\/wp-content\/uploads\/2020\/10\/lampe_multisource_blanc-300x180.jpg 300w, https:\/\/www.3-ca.org\/wp-content\/uploads\/2020\/10\/lampe_multisource_blanc-768x461.jpg 768w, https:\/\/www.3-ca.org\/wp-content\/uploads\/2020\/10\/lampe_multisource_blanc-1536x921.jpg 1536w, https:\/\/www.3-ca.org\/wp-content\/uploads\/2020\/10\/lampe_multisource_blanc.jpg 1772w\" sizes=\"(max-width: 1024px) 100vw, 1024px\" \/><\/a><\/figure><\/li><li class=\"blocks-gallery-item\"><figure><a href=\"http:\/\/www.3-ca.org\/wp-content\/uploads\/2020\/10\/plafonnier.jpg\"><img decoding=\"async\" loading=\"lazy\" width=\"640\" height=\"385\" src=\"http:\/\/www.3-ca.org\/wp-content\/uploads\/2020\/10\/plafonnier.jpg\" alt=\"\" data-id=\"1350\" data-full-url=\"http:\/\/www.3-ca.org\/wp-content\/uploads\/2020\/10\/plafonnier.jpg\" data-link=\"http:\/\/3-ca.org\/?attachment_id=1350\" class=\"wp-image-1350\" srcset=\"https:\/\/www.3-ca.org\/wp-content\/uploads\/2020\/10\/plafonnier.jpg 640w, https:\/\/www.3-ca.org\/wp-content\/uploads\/2020\/10\/plafonnier-300x180.jpg 300w\" sizes=\"(max-width: 640px) 100vw, 640px\" \/><\/a><\/figure><\/li><\/ul><\/figure>\n\n\n\n<p>La commande \u00e0 un designer portait sur une sc\u00e9nographie pour le nouveau lieu de l&rsquo;ACERMA (Paris 19e) et sur la conception d&rsquo;un mobilier sp\u00e9cifique adapt\u00e9 \u00e0 la mobilit\u00e9 et \u00e0 la diversit\u00e9 des activit\u00e9s pr\u00e9sentes. L&rsquo;ACERMA est une association destin\u00e9e \u00e0 aider des personnes touch\u00e9es par des probl\u00e8mes d&rsquo;addiction, principalement li\u00e9s \u00e0 l&rsquo;alcool, gr\u00e2ce \u00e0 des ateliers artistiques et culturels.<\/p>\n\n\n\n<p>Olivier Peyricot a propos\u00e9 le d\u00e9veloppement de deux \u00e9l\u00e9ments d&rsquo;\u00e9clairage, participant \u00e0 la r\u00e9\u00e9ducation des troubles cognitifs et de perception spatio-temporelle d\u00fbs \u00e0 la consommation abusive d&rsquo;alcool. Il s&rsquo;agit d&rsquo;une lampe multi-sources et d&rsquo;un plafonnier dont l&rsquo;intensit\u00e9 de lumi\u00e8re est modulable. L&rsquo;\u00e9tude portait sur 60 \u00e9l\u00e9ments.<\/p>\n\n\n\n<p>Olivier Peyricot&nbsp; <a href=\"http:\/\/idsland.com\" target=\"_blank\" rel=\"noopener noreferrer\">http:\/\/idsland.com<\/a><\/p>\n","protected":false},"excerpt":{"rendered":"<p>Etude dans le cadre de l&rsquo;action Nouveaux commanditaires, soutenue par la Fondation de France.M\u00e9diation : 3CA &#8211; Mari Linnman La commande \u00e0 un designer portait sur une sc\u00e9nographie pour le nouveau lieu de l&rsquo;ACERMA (Paris 19e) et sur la conception d&rsquo;un mobilier sp\u00e9cifique adapt\u00e9 \u00e0 la mobilit\u00e9 et \u00e0 la diversit\u00e9 des activit\u00e9s pr\u00e9sentes. L&rsquo;ACERMA est une association destin\u00e9e \u00e0 aider des personnes touch\u00e9es par des probl\u00e8mes d&rsquo;addiction, principalement li\u00e9s<\/p>\n<div class=\"belowpost\"><a class=\"btnmore\" href=\"https:\/\/www.3-ca.org\/?page_id=223\">Read More<\/a><\/div>\n","protected":false},"author":1,"featured_media":0,"parent":0,"menu_order":41,"comment_status":"open","ping_status":"open","template":"","meta":[],"categories":[],"tags":[],"_links":{"self":[{"href":"https:\/\/www.3-ca.org\/index.php?rest_route=\/wp\/v2\/pages\/223"}],"collection":[{"href":"https:\/\/www.3-ca.org\/index.php?rest_route=\/wp\/v2\/pages"}],"about":[{"href":"https:\/\/www.3-ca.org\/index.php?rest_route=\/wp\/v2\/types\/page"}],"author":[{"embeddable":true,"href":"https:\/\/www.3-ca.org\/index.php?rest_route=\/wp\/v2\/users\/1"}],"replies":[{"embeddable":true,"href":"https:\/\/www.3-ca.org\/index.php?rest_route=%2Fwp%2Fv2%2Fcomments&post=223"}],"version-history":[{"count":1,"href":"https:\/\/www.3-ca.org\/index.php?rest_route=\/wp\/v2\/pages\/223\/revisions"}],"predecessor-version":[{"id":1351,"href":"https:\/\/www.3-ca.org\/index.php?rest_route=\/wp\/v2\/pages\/223\/revisions\/1351"}],"wp:attachment":[{"href":"https:\/\/www.3-ca.org\/index.php?rest_route=%2Fwp%2Fv2%2Fmedia&parent=223"}],"wp:term":[{"taxonomy":"category","embeddable":true,"href":"https:\/\/www.3-ca.org\/index.php?rest_route=%2Fwp%2Fv2%2Fcategories&post=223"},{"taxonomy":"post_tag","embeddable":true,"href":"https:\/\/www.3-ca.org\/index.php?rest_route=%2Fwp%2Fv2%2Ftags&post=223"}],"curies":[{"name":"wp","href":"https:\/\/api.w.org\/{rel}","templated":true}]}}